ose o = 2*t, -4*p - t - 608 = -96. Let d be ((-6)/8)/(24/p). Calculate the greatest common factor of d and 8.
4
Let z be -33 + 75 + (-7 + 1)*-1. Calculate the highest common factor of 348 and z.
12
Let c(f) = 8*f + 561. Let m be c(32). Calculate the highest common divisor of m and 133.
19
Suppose 89*z + 307*z - 2320560 = 0. What is the highest common divisor of z and 20?
20
Let y(n) = n**2 - 96*n + 2480. Let g be y(40). Calculate the greatest common factor of 256 and g.
16
Let c be 406 + 2 - (11 - 13). Suppose 0 = 3*b + 5*g - c, 4*b - 797 = 3*g - 231. What is the highest common divisor of b and 80?
20
Let w(u) = u**3 - 4*u**2 + 4*u - 4. Let s be w(4). Let t be (-48)/s + 2*130. Suppose -7*y - y = -t. Calculate the greatest common divisor of 256 and y.
32
Let i(q) = -q**3 + 11*q**2 - 7*q + 2. Let f be i(11). Let j = f + 354. Calculate the highest common factor of j and 9.
9
Let n be (4 + (-66)/(-15))*(-30)/4. Let s be -5 + n/(-14) + 182/4. Calculate the highest common divisor of s and 5.
5
Suppose -413146 - 352457 + 181467 = -57*g. Calculate the highest common divisor of 48 and g.
24
Let n be 1338/4*(28/12 - 1). Let m = n + -243. Calculate the greatest common divisor of 116 and m.
29
Suppose -8*b + 12 = -5*b, -4*b + 424 = 17*w. What is the highest common divisor of 5784 and w?
24
Let j be (-27)/36*(-37 + 1). Let m be 152/(-36) - (-4)/18. Let v be 16026/66 - m/22. What is the highest common factor of v and j?
27
Let w(b) = b**2 + 2*b - 43. Let v be w(6). Let a(l) = -l**3 + 17*l**2 - 55*l + 4. Let y be a(v). Calculate the greatest common divisor of y and 928.
29
Let r(n) = -34*n + 16. Suppose 2*m - 5*k = -24, -k + 20 = -4*m + 2*k. Let z be r(m). What is the highest common divisor of z and 42?
42
Suppose 423 = 4*n + 5*k, 0 = -31*k + 35*k + 20. Let i = 54 + -26. What is the greatest common divisor of i and n?
28
Suppose 5*y - 4*j = 42, 44 = 5*y - 2*j + 8. Let h be ((-24)/9)/((30/(-108))/5). Calculate the highest common factor of h and y.
6
Let x = 2782 - 2366. What is the highest common divisor of x and 26?
26
Let m be 33/22*(-920)/(-6). Suppose -21*o = -22*o - 2*s + 186, 549 = 3*o - 3*s. What is the greatest common divisor of m and o?
46
Suppose 4*r = -f + 10, -269 = -4*f + 4*r - 189. Calculate the greatest common divisor of 1881 and f.
9
Let r be 696/18 + (12/(-9))/2. Let f be (-66)/(-8) + 6/(-24). Suppose f*y - 380 = -2*y. Calculate the greatest common divisor of r and y.
38
Let o = 18844 - 9410. What is the greatest common divisor of o and 356?
178
Let w = -178 + 178. Suppose -3*h + w*y + 5*y + 32 = 0, 2*y - 43 = -5*h. Suppose -u + 252 = 3*u. What is the highest common factor of u and h?
9
Let p(s) = s**2 + s + 2. Suppose -6*w - 8 = 4. Let c be p(w). Suppose c*t - 47 = -h, 4 = -2*t - 4. Calculate the highest common divisor of h and 7.
7
Let a be (-21)/((-231)/484)*18/(-8). Let g = -75 - a. What is the highest common divisor of g and 6?
6
Suppose -3*h = 5*i - 99, 4*h = 3*i - h - 39. Let r be (4 - 28)/((-3)/(i/12)). What is the highest common divisor of r and 3?
3
Suppose 0 = 12*u - 165 - 111. Suppose 20*j = 83 - u. Let q = 4 + 8. What is the highest common factor of j and q?
3
Let z = 56465 + -33282. What is the greatest common factor of 97 and z?
97
Suppose 9*i + 794 = 4*x + 8*i, -3*x + 4*i = -576. What is the highest common factor of x and 475?
25
Suppose 15*l + 6448 = 46*l. What is the highest common divisor of l and 1638?
26
Let f be 15/(-19 + -11) + (-1730)/(-4). Calculate the greatest common factor of f and 9288.
216
Let g be ((-5)/5)/((-2)/878). Let l = g - 292. Calculate the highest common divisor of l and 196.
49
Suppose -41 = -5*r - 3*q - 13, 0 = -5*r - 2*q + 32. Calculate the greatest common divisor of r and 100.
4
Let s(j) = 34*j + 5. Let r be s(0). Suppose -r*g + 35 = -4*y, -y = 5*g + 2*y - 70. Calculate the greatest common factor of 99 and g.
11
Let h = 346 - 22. Let f = 381 - h. Calculate the highest common divisor of f and 95.
19
Let t be (-2 + -8)*(-3)/2. Let h(b) = -14*b + 219. Let x be h(t). What is the greatest common factor of 3 and x?
3
Suppose 0 = -5*k - 4*m - m + 230, -139 = -3*k - 4*m. Let n(b) = -2*b**2 + 3*b - 4. Let s be n(4). Let a = s + k. What is the highest common factor of 3 and a?
3
Let x be -6*24*4/(-9). Suppose 4*v - 968 - 56 = 0. What is the highest common divisor of v and x?
64
Let r = -3641 - -3677. Let t(s) = 4*s**2 - 6*s. Let b be t(9). What is the greatest common divisor of r and b?
18
Let y be (-11)/(-9*15/3375). What is the highest common divisor of 3135 and y?
55
Let v be 1/((-20)/16)*-50. Let o be 87/116 + 314/8. What is the greatest common factor of o and v?
40
Let v be (-2*(8 + -2))/(-2 + 0). Calculate the highest common factor of 192 and v.
6
Suppose 3*w + 44 + 55 = 3*n, -2*n - 3*w + 81 = 0. Suppose 839*h - 140991 = -79788 + 142674. What is the highest common divisor of h and n?
9
Let v(x) = 32*x**2 + 397*x - 219. Let z be v(-13). Suppose -7 = -4*f + 17. Let j be 3*(20/f - 2). Calculate the greatest common divisor of j and z.
4
Suppose 0 = 5*r + 32 - 137. Suppose -20*y = -r*y - 2*k + 54, 3*y - 138 = 2*k. Calculate the highest common divisor of 4 and y.
4
Let m(u) = 5*u**3 - u**2 + 2*u + 19. Let v(w) = 2*w**3 - w**2 + 2. Let r(l) = m(l) - 2*v(l). Let f be r(0). What is the highest common divisor of f and 40?
5
Suppose -1541*r + 1543*r = -60. Let y(n) = -15*n**2 + 2*n - 1. Let x be y(1). Let z be (x - 1)*r/18. Calculate the highest common factor of 125 and z.
25
Suppose -3*n - 5*q = -6431, -5202 = -5*n - 2*q + 5548. What is the greatest common factor of n and 8?
8
Suppose -4*i = -3*h + 885, -2528*h - 570 = -2530*h - 4*i. What is the highest common divisor of 9 and h?
3
Let l be 166/9*(-5 - (-114)/12). What is the greatest common divisor of 12367 and l?
83
Suppose 2*f - 19 = 3*k + 90, 2*k = -4*f + 226. Calculate the highest common divisor of f and 2492.
28
Suppose -3*o = -3*a - 75, -5*o + 18 = 4*a - 71. Suppose -o*n = -1005 + 249. Calculate the greatest common divisor of 192 and n.
12
Let s = -105 + 160. Suppose s*o = 72*o - 918. What is the greatest common divisor of 702 and o?
54
Suppose -m + 3*a + 5564 = 0, m + a - 5036 = 524. Calculate the highest common factor of 67 and m.
67
Let l(v) = v**3 - 57*v**2 + 629*v + 43. Let n be l(15). What is the highest common factor of n and 847?
7
Let i(b) = -b**3 - 48*b**2 - 40*b + 782. Let k be i(-48). Calculate the highest common factor of k and 14.
14
Let k(u) = -2*u**2 + 55*u - 343. Let v be k(12). Let q be 2/3*(-174)/(-4). What is the greatest common divisor of v and q?
29
Suppose -37*d + 633 + 12364 = 4*d. What is the highest common divisor of d and 3?
1
Suppose 0*y - 5*n + 224 = 3*y, y - 2*n - 60 = 0. Suppose a = 5*a - y. Suppose 88*u = 40*u + 3264. Calculate the greatest common factor of a and u.
17
Let y = -1086 - -1860. What is the greatest common factor of y and 946?
86
Suppose 23*l - 19*l = 0. Let s = 16 - l. Suppose -217 = 9*p - s*p. What is the greatest common divisor of p and 279?
31
Let k(n) = n**2 + 83*n + 248. Let m be k(-80). Suppose 4*c = f - c - 92, 2*c + 152 = 2*f. Calculate the greatest common divisor of m and f.
8
Suppose 4*l - 5*l = -25. Suppose -15*h - 223 = 24*h - 1198. Calculate the greatest common factor of h and l.
25
Let u = 1281 - 1075. Calculate the highest common divisor of u and 5459.
103
Let u be 1/(-2) + (-575)/(-46). Let s = u + 14. Let j = s - 3. What is the greatest common divisor of 253 and j?
23
Suppose -4*k = -4*y + 468, 73*y - 6*k = 68*y + 580. What is the greatest common divisor of y and 15982?
122
Suppose x + 0*x = 19. Let n = -1414 - -1448. Suppose b = -2*u + x, -2*b + 0*b = -5*u + n. What is the greatest common divisor of 12 and u?
4
Suppose -n + 426 = 4*w, 7*n = -6*w + 3*w + 357. What is the highest common factor of w and 5385?
15
Let l be 2/(-10) + 27311/155 + 0. What is the highest common divisor of l and 944?
16
Let h(o) = o**3 + 26*o**2 + 109*o + 85. Let r be h(-21). Calculate the highest common divisor of r and 83.
1
Suppose -17836 = -4*z - 3*z. Let d be z/6 + ((-1)/3)/(-1). Let a = -236 + d. Calculate the highest common factor of 21 and a.
21
Suppose -o = o - 56. Suppose 3*p = -4*t - 80 + 423, 5*t = 2*p + 354. What is the greatest common divisor of t and o?
4
Let n = 32565 - 32470. Calculate the highest 